s 3433 composite?
False
Is 9643 a composite number?
False
Is 43933 a composite number?
False
Is 4663 a prime number?
True
Is 115873 composite?
False
Is 254753 composite?
False
Is 40099 a prime number?
True
Is 112071 a composite number?
True
Is 230213 composite?
False
Is 121795 a prime number?
False
Is 75323 a composite number?
False
Is 85277 prime?
False
Is 2609 a composite number?
False
Is 6547 prime?
True
Is 49963 a composite number?
True
Is 221 a composite number?
True
Is 763 a composite number?
True
Is 2050783 a composite number?
True
Is 4201 composite?
False
Is 2459 a composite number?
False
Is 59513 prime?
True
Is 805633 prime?
True
Is 1559 prime?
True
Is 2777 prime?
True
Is 629719 a composite number?
True
Is 122657 composite?
True
Is 377885 a composite number?
True
Is 24499 prime?
True
Is 717259 prime?
True
Is 498971 prime?
False
Is 29903 prime?
False
Is 67957 prime?
True
Is 47123 composite?
False
Is 46555 prime?
False
Is 52757 composite?
False
Is 604222 composite?
True
Is 1219 composite?
True
Is 442727 a prime number?
False
Is 7019 composite?
False
Is 5989 composite?
True
Is 134129 prime?
True
Is 138959 a prime number?
True
Is 98961 composite?
True
Is 303191 a composite number?
True
Is 96611 a composite number?
True
Is 32343 composite?
True
Is 18353 composite?
False
Is 14957 a prime number?
True
Is 93 prime?
False
Is 18013 a prime number?
True
Is 177467 a prime number?
True
Is 59291 a composite number?
True
Is 19829 a prime number?
False
Is 24631 composite?
False
Is 33679 a prime number?
True
Is 4836671 a prime number?
False
Is 208609 a composite number?
False
Is 17653 composite?
True
Is 22567 composite?
False
Is 284105 a prime number?
False
Is 71701 a prime number?
False
Is 2333 a composite number?
False
Is 4417 a prime number?
False
Is 700423 composite?
False
Is 95429 composite?
False
Is 23143 a composite number?
False
Is 2179 composite?
False
Is 1193 prime?
True
Is 3163 a composite number?
False
Is 211021 prime?
False
Is 17159 a composite number?
False
Is 17903 prime?
True
Is 134447 a composite number?
True
Is 78467 a composite number?
False
Is 42899 prime?
True
Is 33667 prime?
False
Is 587 a composite number?
False
Is 3341 composite?
True
Is 62383 a composite number?
False
Is 9573 composite?
True
Is 5227 a prime number?
True
Is 89405 a prime number?
False
Is 607918 a composite number?
True
Is 2127 a composite number?
True
Is 333857 composite?
False
Is 43001 a prime number?
False
Is 58119 a composite number?
True
Is 2088719 prime?
True
Is 278357 a prime number?
False
Is 1368281 a prime number?
True
Is 38639 prime?
True
Is 1497 a prime number?
False
Is 50833 a composite number?
False
Is 1726253 prime?
True
Is 112089 prime?
False
Is 6787 composite?
True
Is 48311 prime?
True
Is 1361 prime?
True
Is 18197 composite?
True
Is 88589 prime?
True
Is 2495 prime?
False
Is 423557 composite?
False
Is 346417 a prime number?
True
Is 10903 a prime number?
True
Is 7031 composite?
True
Is 1709 composite?
False
Is 496783 prime?
False
Is 230203 prime?
True
Is 65249 a prime number?
False
Is 79889 composite?
False
Is 27883 prime?
True
Is 2426 a prime number?
False
Is 222571 composite?
True
Is 236774 composite?
True
Is 635 prime?
False
Is 923 a prime number?
False
Is 33287 composite?
False
Is 1543 prime?
True
Is 106207 prime?
True
Is 511757 prime?
True
Is 191 composite?
False
Is 40889 a prime number?
False
Is 79403 composite?
True
Is 7669 a prime number?
True
Is 1494697 a prime number?
True
Is 38383 a prime number?
False
Is 3353 a prime number?
False
Is 2627 composite?
True
Is 428011 a prime number?
False
Is 200861 composite?
False
Is 5465 a prime number?
False
Is 257626 a prime number?
False
Is 305897 a composite number?
True
Is 1364861 a composite number?
False
Is 2159 a prime number?
False
Is 5429 a prime number?
False
Is 5897 composite?
False
Is 3683 a prime number?
False
Is 1255009 composite?
True
Is 2936131 prime?
False
Is 583499 prime?
False
Is 16217 a prime number?
True
Is 61331 a composite number?
False
Is 180551 a prime number?
False
Is 125527 composite?
False
Is 330383 a composite number?
False
Is 36151 composite?
False
Is 1470166 a composite number?
True
Is 58403 a composite number?
False
Is 45397 composite?
True
Is 42043 prime?
True
Is 7603 composite?
False
Is 958 prime?
False
Is 305401 composite?
False
Is 22267 prime?
False
Is 88859 a prime number?
False
Is 20599 composite?
False
Is 456077 prime?
False
Is 202051 a prime number?
False
Is 6742 a prime number?
False
Is 18503 a prime number?
True
Is 25211 prime?
False
Is 10301 composite?
False
Is 18442 a composite number?
True
Is 59065 a composite number?
True
Is 44261 composite?
True
Is 3491 prime?
True
Is 40193 a composite number?
False
Is 196961 prime?
True
Is 83365 a composite number?
True
Is 30881 composite?
False
Is 215051 a composite number?
False
Is 1420378 composite?
True
Is 22421 composite?
True
Is 2096483 composite?
False
Is 79309 prime?
True
Is 39586 a prime number?
False
Is 7069 prime?
True
Is 64219 a prime number?
False
Is 5207909 composite?
True
Is 3203 prime?
True
Is 25409 composite?
False
Is 13001 a composite number?
False
Is 483491 a composite number?
False
Is 7978 a prime number?
False
Is 1163 a composite number?
False
Is 889 composite?
True
Is 936997 prime?
False
Is 11989 a composite number?
True
Is 14677 composite?
True
Is 3641 composite?
True
Is 36383 prime?
True
Is 381 a composite number?
True
Is 4907 composite?
True
Is 3534701 a prime number?
True
Is 75151 composite?
True
Is 300463 prime?
True
Is 5269 a composite number?
True
Is 7165 prime?
False
Is 1765367 composite?
True
Is 7079 a composite number?
False
Is 25111 composite?
False
Is 23741 a composite number?
False
Is 16759 prime?
True
Is 340723 prime?
True
Is 212291 composite?
True
Is 804989 prime?
True
Is 277645 prime?
False
Is 455417 a prime number?
False
Is 335647 a prime number?
False
Is 36149 a composite number?
True
Is 309635 a prime number?
False
Is 193659 composite?
True
Is 14461 a prime number?
True
Is 78691 prime?
True
Is 12147 prime?
False
Is 543 a prime number?
False
Is 367069 prime?
True
Is 10771 a composite number?
False
Is 273821 a composite number?
False
Is 115357 a composite number?
True
Is 1081919 composite?
False
Is 2513 composite?
True
Is 7295 prime?
False
Is 49783 a composite number?
False
Is 7617 a prime number?
False
Is 23915 a composite number?
True
Is 10937 prime?
True
Is 262165 prime?
False
Is 125003 composite?
False
Is 119191 a prime number?
True
Is 165397 a composite number?
False
Is 13153 a prime number?
False
Is 47189 a composite number?
False
Is 361087 prime?
False
Is 10369 a prime number?
True
Is 16603 composite?
False
Is 633 a composite number?
True
Is 18539 prime?
True
Is 11761 a prime number?
False
Is 1673929 prime?
False
Is 203941 prime?
False
Is 1815587 a composite number?
False
Is 37171 composite?
False
Is 172847 a prime number?
False
Is 5233711 a prime number?
False
Is 331 prime?
True
Is 43247 a prime number?
False
Is 501001 composite?
False
Is 9391 a composite number?
False
Is 17539 a prime number?
True
Is 286009 composite?
False
Is 1152841 a prime number?
True
Is 484703 composite?
False
Is 381035 prime?
False
Is 133685 a composite number?
True
Is 47113 prime?
False
Is 293609 a composite number?
True
Is 7273 a composite number?
True
Is 55493 a composite number?
True
Is 455261 a prime number?
True
Is 1007 composite?
True
Is 907 a composite number?
False
Is 123031 composite?
False
Is 34991 a prime number?
False
Is 63763 prime?
False
Is 679 prime?
False
Is 1514399 composite?
False
Is 133979 prime?
True
Is 22613 a prime number?
True
Is 143 a prime number?
False
Is 34141 composite?
False
Is 7555 a composite number?
True
Is 1437 composite?
True
Is 41879 a prime number?
True
Is 3603 a prime number?
False
Is 114263 a composite number?
True
Is 3014458 a prime number?
False
Is 82883 a prime number?
True
Is 48907 a prime number?
True
Is 47711 a composite number?
False
Is 76667 a prime number?
True
Is 21587 a prime number?
True
Is 17953 a prime number?
False
Is 4717 a prime number?
False
Is 37619 composite?
False
Is 16251 a composite number?
True
Is 188237 a composite number?
True
Is 217837 composite?
True
Is 187481 a composite number?
True
Is 8717 a prime number?
False
Is 18587 composite